{"id":174,"date":"2019-10-29T06:25:30","date_gmt":"2019-10-29T06:25:30","guid":{"rendered":"http:\/\/vswullersdorf.ac.at\/?page_id=174"},"modified":"2025-09-30T14:10:51","modified_gmt":"2025-09-30T14:10:51","slug":"ganztaegige-schulform","status":"publish","type":"page","link":"https:\/\/vswullersdorf.ac.at\/?page_id=174","title":{"rendered":"Ganzt\u00e4gige Schulform"},"content":{"rendered":"<div class=\"cc-m-hgrid-column\">\n<div id=\"cc-matrix-2840342594\">\n<div id=\"cc-m-10520029494\" class=\"j-module n j-text \">\n<p>Seit dem Schuljahr 2013\/14 gibt es eine schulische Tagesbetreuung an der Volksschule.<\/p>\n<p>Der ehemalige Hort wurde in die Schule eingegliedert und \u00fcbernimmt<img loading=\"lazy\" decoding=\"async\" class=\"wp-image-2094 alignright\" style=\"font-size: 0.95em;\" src=\"http:\/\/vswullersdorf.ac.at\/wp-content\/uploads\/2025\/09\/Nachmitt-Team-217x300.jpg\" alt=\"\" width=\"178\" height=\"246\" srcset=\"https:\/\/vswullersdorf.ac.at\/wp-content\/uploads\/2025\/09\/Nachmitt-Team-217x300.jpg 217w, https:\/\/vswullersdorf.ac.at\/wp-content\/uploads\/2025\/09\/Nachmitt-Team-739x1024.jpg 739w, https:\/\/vswullersdorf.ac.at\/wp-content\/uploads\/2025\/09\/Nachmitt-Team-768x1064.jpg 768w, https:\/\/vswullersdorf.ac.at\/wp-content\/uploads\/2025\/09\/Nachmitt-Team.jpg 800w\" sizes=\"auto, (max-width: 178px) 100vw, 178px\" \/>\u00a0weiterhin die Freizeitbetreuung. Lernstunden werden von unseren P\u00e4dagoginnen unter Mithilfe der Freizeitp\u00e4dagoginnen (Frau Sonja Pr\u00fcgel und Frau Astrid Schimann) \u00fcbernommen.<\/p>\n<p>Die Betreuung ist von Montag bis Freitag von 11:10 bis 17.00<span style=\"font-size: 0.95em;\">\u00a0Uhr m\u00f6glich.<\/span><\/p>\n<p>N\u00e4here Ausk\u00fcnfte:<br \/>\nTagesbetreuung: 02951\/8423-5<br \/>\nDirektion der VS: 02952\/8423<\/p>\n<p><img loading=\"lazy\" decoding=\"async\" class=\"alignnone wp-image-2093\" src=\"http:\/\/vswullersdorf.ac.at\/wp-content\/uploads\/2025\/09\/DSC_5507_30cm-Kopie-300x217.jpg\" alt=\"\" width=\"1339\" height=\"968\" srcset=\"https:\/\/vswullersdorf.ac.at\/wp-content\/uploads\/2025\/09\/DSC_5507_30cm-Kopie-300x217.jpg 300w, https:\/\/vswullersdorf.ac.at\/wp-content\/uploads\/2025\/09\/DSC_5507_30cm-Kopie-1024x740.jpg 1024w, https:\/\/vswullersdorf.ac.at\/wp-content\/uploads\/2025\/09\/DSC_5507_30cm-Kopie-768x555.jpg 768w, https:\/\/vswullersdorf.ac.at\/wp-content\/uploads\/2025\/09\/DSC_5507_30cm-Kopie.jpg 1200w\" sizes=\"auto, (max-width: 1339px) 100vw, 1339px\" \/><\/p>\n<\/div>\n<p>&nbsp;<\/p>\n<div id=\"cc-m-10520029494\" class=\"j-module n j-text \">\n<p>&nbsp;<\/p>\n<\/div>\n<\/div>\n<\/div>\n","protected":false},"excerpt":{"rendered":"<p>Seit dem Schuljahr 2013\/14 gibt es eine schulische Tagesbetreuung an der Volksschule. Der ehemalige Hort wurde in die Schule eingegliedert und \u00fcbernimmt\u00a0weiterhin die Freizeitbetreuung. Lernstunden werden von unseren P\u00e4dagoginnen unter Mithilfe der Freizeitp\u00e4dagoginnen (Frau Sonja Pr\u00fcgel und Frau Astrid Schimann) \u00fcbernommen. Die Betreuung ist von Montag bis Freitag von 11:10<\/p>\n","protected":false},"author":2,"featured_media":0,"parent":0,"menu_order":0,"comment_status":"closed","ping_status":"closed","template":"","meta":{"footnotes":""},"class_list":["post-174","page","type-page","status-publish","hentry"],"_links":{"self":[{"href":"https:\/\/vswullersdorf.ac.at\/index.php?rest_route=\/wp\/v2\/pages\/174","targetHints":{"allow":["GET"]}}],"collection":[{"href":"https:\/\/vswullersdorf.ac.at\/index.php?rest_route=\/wp\/v2\/pages"}],"about":[{"href":"https:\/\/vswullersdorf.ac.at\/index.php?rest_route=\/wp\/v2\/types\/page"}],"author":[{"embeddable":true,"href":"https:\/\/vswullersdorf.ac.at\/index.php?rest_route=\/wp\/v2\/users\/2"}],"replies":[{"embeddable":true,"href":"https:\/\/vswullersdorf.ac.at\/index.php?rest_route=%2Fwp%2Fv2%2Fcomments&post=174"}],"version-history":[{"count":12,"href":"https:\/\/vswullersdorf.ac.at\/index.php?rest_route=\/wp\/v2\/pages\/174\/revisions"}],"predecessor-version":[{"id":2096,"href":"https:\/\/vswullersdorf.ac.at\/index.php?rest_route=\/wp\/v2\/pages\/174\/revisions\/2096"}],"wp:attachment":[{"href":"https:\/\/vswullersdorf.ac.at\/index.php?rest_route=%2Fwp%2Fv2%2Fmedia&parent=174"}],"curies":[{"name":"wp","href":"https:\/\/api.w.org\/{rel}","templated":true}]}}