{"id":117,"date":"2019-10-28T19:24:43","date_gmt":"2019-10-28T19:24:43","guid":{"rendered":"http:\/\/vswullersdorf.ac.at\/?page_id=117"},"modified":"2025-10-06T14:37:56","modified_gmt":"2025-10-06T14:37:56","slug":"team","status":"publish","type":"page","link":"https:\/\/vswullersdorf.ac.at\/?page_id=117","title":{"rendered":"Team"},"content":{"rendered":"<p><img loading=\"lazy\" decoding=\"async\" class=\"alignnone wp-image-2078\" src=\"http:\/\/vswullersdorf.ac.at\/wp-content\/uploads\/2025\/09\/gr9x-Kopie-300x225.jpg\" alt=\"\" width=\"1207\" height=\"905\" srcset=\"https:\/\/vswullersdorf.ac.at\/wp-content\/uploads\/2025\/09\/gr9x-Kopie-300x225.jpg 300w, https:\/\/vswullersdorf.ac.at\/wp-content\/uploads\/2025\/09\/gr9x-Kopie-768x576.jpg 768w, https:\/\/vswullersdorf.ac.at\/wp-content\/uploads\/2025\/09\/gr9x-Kopie.jpg 800w\" sizes=\"auto, (max-width: 1207px) 100vw, 1207px\" \/><\/p>\n<p><img loading=\"lazy\" decoding=\"async\" class=\"wp-image-1835 alignleft\" src=\"http:\/\/vswullersdorf.ac.at\/wp-content\/uploads\/2025\/03\/heske-214x300-1.jpg\" alt=\"\" width=\"87\" height=\"122\" \/><\/p>\n<p>&nbsp;<\/p>\n<p>Schulleiterin<br \/>\nDipl.P\u00e4d. OSR Anita <strong>HESKE<\/strong><\/p>\n<p>&nbsp;<\/p>\n<p>&nbsp;<\/p>\n<p><img loading=\"lazy\" decoding=\"async\" class=\"wp-image-1640 alignleft\" src=\"http:\/\/vswullersdorf.ac.at\/wp-content\/uploads\/2024\/09\/Franz-217x300.jpg\" alt=\"\" width=\"84\" height=\"116\" srcset=\"https:\/\/vswullersdorf.ac.at\/wp-content\/uploads\/2024\/09\/Franz-217x300.jpg 217w, https:\/\/vswullersdorf.ac.at\/wp-content\/uploads\/2024\/09\/Franz.jpg 600w\" sizes=\"auto, (max-width: 84px) 100vw, 84px\" \/><\/p>\n<p>&nbsp;<\/p>\n<p>Dipl. P\u00e4d. RL Franz <a href=\"http:\/\/vswullersdorf.ac.at\/?p=562\"><strong>DUNGL<\/strong><\/a><br \/>\nunterrichtet Religion in allen Klassen<\/p>\n<p>&nbsp;<\/p>\n<p>&nbsp;<\/p>\n<p><img loading=\"lazy\" decoding=\"async\" class=\"wp-image-1639 alignleft\" src=\"http:\/\/vswullersdorf.ac.at\/wp-content\/uploads\/2024\/09\/Bettina-217x300.jpg\" alt=\"\" width=\"85\" height=\"117\" srcset=\"https:\/\/vswullersdorf.ac.at\/wp-content\/uploads\/2024\/09\/Bettina-217x300.jpg 217w, https:\/\/vswullersdorf.ac.at\/wp-content\/uploads\/2024\/09\/Bettina.jpg 600w\" sizes=\"auto, (max-width: 85px) 100vw, 85px\" \/><\/p>\n<p>&nbsp;<\/p>\n<p>Dipl.P\u00e4d. VL Bettina <a href=\"http:\/\/vswullersdorf.ac.at\/wp-admin\/post.php?post=796&amp;action=edit\"><strong>ENDLER<\/strong><\/a><br \/>\nKlassenlehrerin 1a<\/p>\n<p>&nbsp;<\/p>\n<p>&nbsp;<\/p>\n<p><img loading=\"lazy\" decoding=\"async\" class=\"wp-image-1637 alignleft\" src=\"http:\/\/vswullersdorf.ac.at\/wp-content\/uploads\/2024\/09\/Andrea-217x300.jpg\" alt=\"\" width=\"89\" height=\"123\" srcset=\"https:\/\/vswullersdorf.ac.at\/wp-content\/uploads\/2024\/09\/Andrea-217x300.jpg 217w, https:\/\/vswullersdorf.ac.at\/wp-content\/uploads\/2024\/09\/Andrea.jpg 600w\" sizes=\"auto, (max-width: 89px) 100vw, 89px\" \/><\/p>\n<p>&nbsp;<\/p>\n<p>Dipl.P\u00e4d. VL Andrea\u00a0<a href=\"http:\/\/vswullersdorf.ac.at\/?p=144\" target=\"_blank\" rel=\"noopener noreferrer\"><strong>HABERMAYER<\/strong><\/a><br \/>\nKlassenlehrerin 1b<\/p>\n<p>&nbsp;<\/p>\n<p>&nbsp;<\/p>\n<p><img loading=\"lazy\" decoding=\"async\" class=\"wp-image-1647 alignleft\" src=\"http:\/\/vswullersdorf.ac.at\/wp-content\/uploads\/2024\/09\/Romana-217x300.jpg\" alt=\"\" width=\"93\" height=\"128\" srcset=\"https:\/\/vswullersdorf.ac.at\/wp-content\/uploads\/2024\/09\/Romana-217x300.jpg 217w, https:\/\/vswullersdorf.ac.at\/wp-content\/uploads\/2024\/09\/Romana.jpg 600w\" sizes=\"auto, (max-width: 93px) 100vw, 93px\" \/><\/p>\n<p>&nbsp;<\/p>\n<p>Dipl.P\u00e4d. VOL Romana\u00a0<a href=\"http:\/\/vswullersdorf.ac.at\/?p=147\" target=\"_blank\" rel=\"noopener noreferrer\"><strong>HAIMBERGER<\/strong>,<\/a> BEd<br \/>\nKlassenlehrerin 3a<\/p>\n<p>&nbsp;<\/p>\n<p>&nbsp;<\/p>\n<p><img loading=\"lazy\" decoding=\"async\" class=\"wp-image-2098 alignleft\" src=\"http:\/\/vswullersdorf.ac.at\/wp-content\/uploads\/2025\/09\/Kerstin-217x300.jpg\" alt=\"\" width=\"96\" height=\"133\" srcset=\"https:\/\/vswullersdorf.ac.at\/wp-content\/uploads\/2025\/09\/Kerstin-217x300.jpg 217w, https:\/\/vswullersdorf.ac.at\/wp-content\/uploads\/2025\/09\/Kerstin-739x1024.jpg 739w, https:\/\/vswullersdorf.ac.at\/wp-content\/uploads\/2025\/09\/Kerstin-768x1064.jpg 768w, https:\/\/vswullersdorf.ac.at\/wp-content\/uploads\/2025\/09\/Kerstin-1109x1536.jpg 1109w, https:\/\/vswullersdorf.ac.at\/wp-content\/uploads\/2025\/09\/Kerstin-1479x2048.jpg 1479w, https:\/\/vswullersdorf.ac.at\/wp-content\/uploads\/2025\/09\/Kerstin.jpg 1535w\" sizes=\"auto, (max-width: 96px) 100vw, 96px\" \/><\/p>\n<p>&nbsp;<\/p>\n<p>&nbsp;<\/p>\n<p>Dipl.P\u00e4d. VOL Kerstin\u00a0<a href=\"http:\/\/vswullersdorf.ac.at\/?p=151\" target=\"_blank\" rel=\"noopener noreferrer\"><strong>KARL<\/strong><\/a><br \/>\nKlassenlehrerin 4. Klasse<\/p>\n<p>&nbsp;<\/p>\n<p><img loading=\"lazy\" decoding=\"async\" class=\"wp-image-1880 alignleft\" src=\"http:\/\/vswullersdorf.ac.at\/wp-content\/uploads\/2025\/04\/Renate-Neusser-1-269x300.jpg\" alt=\"\" width=\"101\" height=\"112\" srcset=\"https:\/\/vswullersdorf.ac.at\/wp-content\/uploads\/2025\/04\/Renate-Neusser-1-269x300.jpg 269w, https:\/\/vswullersdorf.ac.at\/wp-content\/uploads\/2025\/04\/Renate-Neusser-1-768x858.jpg 768w, https:\/\/vswullersdorf.ac.at\/wp-content\/uploads\/2025\/04\/Renate-Neusser-1.jpg 856w\" sizes=\"auto, (max-width: 101px) 100vw, 101px\" \/><\/p>\n<p>&nbsp;<\/p>\n<p>Dipl. P\u00e4d. Renate <strong>NEUSSER<\/strong><br \/>\nunterrichtet Technik und Design in der 3. und 4. Klasse<\/p>\n<p>&nbsp;<\/p>\n<p>&nbsp;<\/p>\n<p><img loading=\"lazy\" decoding=\"async\" class=\"wp-image-2100 alignleft\" src=\"http:\/\/vswullersdorf.ac.at\/wp-content\/uploads\/2025\/09\/Marianne-217x300.jpg\" alt=\"\" width=\"100\" height=\"138\" srcset=\"https:\/\/vswullersdorf.ac.at\/wp-content\/uploads\/2025\/09\/Marianne-217x300.jpg 217w, https:\/\/vswullersdorf.ac.at\/wp-content\/uploads\/2025\/09\/Marianne-739x1024.jpg 739w, https:\/\/vswullersdorf.ac.at\/wp-content\/uploads\/2025\/09\/Marianne-768x1064.jpg 768w, https:\/\/vswullersdorf.ac.at\/wp-content\/uploads\/2025\/09\/Marianne-1109x1536.jpg 1109w, https:\/\/vswullersdorf.ac.at\/wp-content\/uploads\/2025\/09\/Marianne-1479x2048.jpg 1479w, https:\/\/vswullersdorf.ac.at\/wp-content\/uploads\/2025\/09\/Marianne.jpg 1535w\" sizes=\"auto, (max-width: 100px) 100vw, 100px\" \/><\/p>\n<p>&nbsp;<\/p>\n<p>Dipl. P\u00e4d. SR Marianne <strong><a href=\"http:\/\/vswullersdorf.ac.at\/?p=154\" target=\"_blank\" rel=\"noopener noreferrer\">ROHRER<\/a><\/strong><br \/>\nKlassenlehrerin 2. Klasse<\/p>\n<p>&nbsp;<\/p>\n<p>&nbsp;<\/p>\n<p><img loading=\"lazy\" decoding=\"async\" class=\"wp-image-2079 alignleft\" src=\"http:\/\/vswullersdorf.ac.at\/wp-content\/uploads\/2025\/09\/Julia-217x300.jpg\" alt=\"\" width=\"101\" height=\"140\" srcset=\"https:\/\/vswullersdorf.ac.at\/wp-content\/uploads\/2025\/09\/Julia-217x300.jpg 217w, https:\/\/vswullersdorf.ac.at\/wp-content\/uploads\/2025\/09\/Julia-739x1024.jpg 739w, https:\/\/vswullersdorf.ac.at\/wp-content\/uploads\/2025\/09\/Julia-768x1064.jpg 768w, https:\/\/vswullersdorf.ac.at\/wp-content\/uploads\/2025\/09\/Julia.jpg 800w\" sizes=\"auto, (max-width: 101px) 100vw, 101px\" \/><\/p>\n<p>Julia <strong>SCH\u00d6BERL<\/strong>, BEd<br \/>\nunterrichtet unterst\u00fctzend D, MA und E in der 4. Klasse<\/p>\n<p>&nbsp;<\/p>\n<p>&nbsp;<\/p>\n<p>&nbsp;<\/p>\n<p><img loading=\"lazy\" decoding=\"async\" class=\"wp-image-2034 alignleft\" src=\"http:\/\/vswullersdorf.ac.at\/wp-content\/uploads\/2025\/09\/Tamara-Sokol-205x300.jpeg\" alt=\"\" width=\"100\" height=\"147\" srcset=\"https:\/\/vswullersdorf.ac.at\/wp-content\/uploads\/2025\/09\/Tamara-Sokol-205x300.jpeg 205w, https:\/\/vswullersdorf.ac.at\/wp-content\/uploads\/2025\/09\/Tamara-Sokol-698x1024.jpeg 698w, https:\/\/vswullersdorf.ac.at\/wp-content\/uploads\/2025\/09\/Tamara-Sokol-768x1126.jpeg 768w, https:\/\/vswullersdorf.ac.at\/wp-content\/uploads\/2025\/09\/Tamara-Sokol-1047x1536.jpeg 1047w, https:\/\/vswullersdorf.ac.at\/wp-content\/uploads\/2025\/09\/Tamara-Sokol.jpeg 1222w\" sizes=\"auto, (max-width: 100px) 100vw, 100px\" \/><\/p>\n<p>&nbsp;<\/p>\n<p>Tamara <strong>SOKOL<\/strong>, BEd<br \/>\nKlassenlehrerin 3b<\/p>\n<p>&nbsp;<\/p>\n<p>&nbsp;<\/p>\n<p>&nbsp;<\/p>\n<p><img loading=\"lazy\" decoding=\"async\" class=\"wp-image-2080 alignleft\" src=\"http:\/\/vswullersdorf.ac.at\/wp-content\/uploads\/2025\/09\/Tina-217x300.jpg\" alt=\"\" width=\"106\" height=\"147\" srcset=\"https:\/\/vswullersdorf.ac.at\/wp-content\/uploads\/2025\/09\/Tina-217x300.jpg 217w, https:\/\/vswullersdorf.ac.at\/wp-content\/uploads\/2025\/09\/Tina.jpg 578w\" sizes=\"auto, (max-width: 106px) 100vw, 106px\" \/><\/p>\n<p>&nbsp;<\/p>\n<p>Tina <strong>MITTELMAIER<\/strong><br \/>\nUnterrichtsassistenz und Nachmittagsbetreuung<\/p>\n<p>&nbsp;<\/p>\n<p>&nbsp;<\/p>\n<p>&nbsp;<\/p>\n<p><img loading=\"lazy\" decoding=\"async\" class=\"wp-image-1643 alignleft\" src=\"http:\/\/vswullersdorf.ac.at\/wp-content\/uploads\/2024\/09\/Maria-217x300.jpg\" alt=\"\" width=\"100\" height=\"138\" srcset=\"https:\/\/vswullersdorf.ac.at\/wp-content\/uploads\/2024\/09\/Maria-217x300.jpg 217w, https:\/\/vswullersdorf.ac.at\/wp-content\/uploads\/2024\/09\/Maria.jpg 600w\" sizes=\"auto, (max-width: 100px) 100vw, 100px\" \/><\/p>\n<p>&nbsp;<\/p>\n<p>Maria <strong>DIETLER<\/strong><br \/>\nAdministrative Assistenz<\/p>\n<p>&nbsp;<\/p>\n<p>&nbsp;<\/p>\n<p><img loading=\"lazy\" decoding=\"async\" class=\"wp-image-1849 alignleft\" src=\"http:\/\/vswullersdorf.ac.at\/wp-content\/uploads\/2025\/03\/Margit-Kerschl-1-212x300.jpg\" alt=\"\" width=\"101\" height=\"143\" srcset=\"https:\/\/vswullersdorf.ac.at\/wp-content\/uploads\/2025\/03\/Margit-Kerschl-1-212x300.jpg 212w, https:\/\/vswullersdorf.ac.at\/wp-content\/uploads\/2025\/03\/Margit-Kerschl-1.jpg 259w\" sizes=\"auto, (max-width: 101px) 100vw, 101px\" \/><\/p>\n<p>&nbsp;<\/p>\n<p>Margit <strong>KERSCHL<\/strong><br \/>\nSchulwartin<\/p>\n<p>&nbsp;<\/p>\n<p>&nbsp;<\/p>\n<p>&nbsp;<\/p>\n<p><img loading=\"lazy\" decoding=\"async\" class=\"wp-image-2081 alignleft\" src=\"http:\/\/vswullersdorf.ac.at\/wp-content\/uploads\/2025\/09\/Isabella-217x300.jpg\" alt=\"\" width=\"100\" height=\"138\" srcset=\"https:\/\/vswullersdorf.ac.at\/wp-content\/uploads\/2025\/09\/Isabella-217x300.jpg 217w, https:\/\/vswullersdorf.ac.at\/wp-content\/uploads\/2025\/09\/Isabella.jpg 578w\" sizes=\"auto, (max-width: 100px) 100vw, 100px\" \/><\/p>\n<p>&nbsp;<\/p>\n<p>Isabella <strong>MILIK<\/strong><br \/>\nSchulwartin<\/p>\n<p>&nbsp;<\/p>\n<p>&nbsp;<\/p>\n<p><img loading=\"lazy\" decoding=\"async\" class=\"wp-image-2082 alignleft\" src=\"http:\/\/vswullersdorf.ac.at\/wp-content\/uploads\/2025\/09\/Sonja-217x300.jpg\" alt=\"\" width=\"102\" height=\"141\" srcset=\"https:\/\/vswullersdorf.ac.at\/wp-content\/uploads\/2025\/09\/Sonja-217x300.jpg 217w, https:\/\/vswullersdorf.ac.at\/wp-content\/uploads\/2025\/09\/Sonja.jpg 578w\" sizes=\"auto, (max-width: 102px) 100vw, 102px\" \/><\/p>\n<p>&nbsp;<\/p>\n<p>Sonja\u00a0<strong>PR\u00dcGEL<\/strong><br \/>\nNachmittagsbetreuung<\/p>\n<p>&nbsp;<\/p>\n<p>&nbsp;<\/p>\n<p>&nbsp;<\/p>\n<p><img loading=\"lazy\" decoding=\"async\" class=\"wp-image-2083 alignleft\" src=\"http:\/\/vswullersdorf.ac.at\/wp-content\/uploads\/2025\/09\/Astrid-217x300.jpg\" alt=\"\" width=\"98\" height=\"136\" srcset=\"https:\/\/vswullersdorf.ac.at\/wp-content\/uploads\/2025\/09\/Astrid-217x300.jpg 217w, https:\/\/vswullersdorf.ac.at\/wp-content\/uploads\/2025\/09\/Astrid.jpg 578w\" sizes=\"auto, (max-width: 98px) 100vw, 98px\" \/><\/p>\n<p>&nbsp;<\/p>\n<p>Astrid <strong>SCHIMANN<\/strong><br \/>\nNachmittagsbetreuung<\/p>\n<p>&nbsp;<\/p>\n<p>&nbsp;<\/p>\n","protected":false},"excerpt":{"rendered":"<p>&nbsp; Schulleiterin Dipl.P\u00e4d. OSR Anita HESKE &nbsp; &nbsp; &nbsp; Dipl. P\u00e4d. RL Franz DUNGL unterrichtet Religion in allen Klassen &nbsp; &nbsp; &nbsp; Dipl.P\u00e4d. VL Bettina ENDLER Klassenlehrerin 1a &nbsp; &nbsp; &nbsp; Dipl.P\u00e4d. VL Andrea\u00a0HABERMAYER Klassenlehrerin 1b &nbsp; &nbsp; &nbsp; Dipl.P\u00e4d. VOL Romana\u00a0HAIMBERGER, BEd Klassenlehrerin 3a &nbsp; &nbsp; &nbsp; &nbsp; Dipl.P\u00e4d.<\/p>\n","protected":false},"author":2,"featured_media":0,"parent":0,"menu_order":0,"comment_status":"closed","ping_status":"closed","template":"","meta":{"footnotes":""},"class_list":["post-117","page","type-page","status-publish","hentry"],"_links":{"self":[{"href":"https:\/\/vswullersdorf.ac.at\/index.php?rest_route=\/wp\/v2\/pages\/117","targetHints":{"allow":["GET"]}}],"collection":[{"href":"https:\/\/vswullersdorf.ac.at\/index.php?rest_route=\/wp\/v2\/pages"}],"about":[{"href":"https:\/\/vswullersdorf.ac.at\/index.php?rest_route=\/wp\/v2\/types\/page"}],"author":[{"embeddable":true,"href":"https:\/\/vswullersdorf.ac.at\/index.php?rest_route=\/wp\/v2\/users\/2"}],"replies":[{"embeddable":true,"href":"https:\/\/vswullersdorf.ac.at\/index.php?rest_route=%2Fwp%2Fv2%2Fcomments&post=117"}],"version-history":[{"count":67,"href":"https:\/\/vswullersdorf.ac.at\/index.php?rest_route=\/wp\/v2\/pages\/117\/revisions"}],"predecessor-version":[{"id":2102,"href":"https:\/\/vswullersdorf.ac.at\/index.php?rest_route=\/wp\/v2\/pages\/117\/revisions\/2102"}],"wp:attachment":[{"href":"https:\/\/vswullersdorf.ac.at\/index.php?rest_route=%2Fwp%2Fv2%2Fmedia&parent=117"}],"curies":[{"name":"wp","href":"https:\/\/api.w.org\/{rel}","templated":true}]}}